(5).
9
Suppose 0 = -0*p + 14*p - 84. Let h(y) = y**2 - 9*y + 14. Determine h(p).
-4
Let f(q) = -q**3 - q**2. Let u(c) = 4*c**2 - 2*c - 5. Let b(p) = f(p) - u(p). Let n be 2/3*-7 + (-2)/6. Determine b(n).
-5
Let b(x) be the first derivative of -x**3/3 - x**2/2 - 27*x + 131. Determine b(0).
-27
Suppose -16*f + 33 = -5*f. Let p = -8 + f. Let l(q) = -q - 5. Give l(p).
0
Let m(n) be the third derivative of n**5/60 - 7*n**4/12 + 11*n**3/6 + 358*n**2. Calculate m(12).
-13
Suppose 5*s = m, 0*m + 17 = -4*m + 3*s. Suppose 5 = 4*d - 3. Let x(r) = 7 - 16*r**d + 7*r + 9*r**2 + 8*r**2. What is x(m)?
-3
Let t = -2375 + 2371. Let p(k) = -2*k - 8. What is p(t)?
0
Let y(k) = k**2 + 11*k + 5. Let m be (-255 + -9)/12 + 12. What is y(m)?
-5
Let q = 35 + -36. Let u(j) = -5*j**2 - 10*j**2 - 42 + 42. Determine u(q).
-15
Let c(r) = 5*r - 9. Suppose -z + 3 = 2*z. Let w(f) = -4*f + 10. Let y be w(z). Determine c(y).
21
Let j(h) = -2*h - 3. Suppose -4 = -2*i - 0*i. Let k(x) = x + 10. Let q(u) = 1. Let s(g) = k(g) - 6*q(g). Let b(w) = i*s(w) + 3*j(w). Determine b(1).
-5
Let l(c) = c**2 + 7*c - 4. Let z(o) = -2. Let s(v) = l(v) - 3*z(v). Determine s(-8).
10
Let t(k) = -15*k + 280. Let h be t(19). Let z(u) = 3*u**3 - 5*u**2 + 2*u - 5. Let a(x) = x**3 + x. Let p(i) = -4*a(i) + z(i). Determine p(h).
5
Let o(w) = 4*w - 1. Suppose 26 = 28*h - 2. Give o(h).
3
Let j(h) = h. Let k be (-18 - -19)/(1/(-9)). Give j(k).
-9
Suppose j - 11 = 3*j + b, -2*b + 18 = -4*j. Let s be (-44)/(-10) + 2/j. Let q(x) = -3*x - 4. Give q(s).
-16
Let d(x) be the second derivative of 7/6*x**3 + 1/12*x**4 - 6*x + x**2 + 0. Calculate d(-6).
-4
Suppose -35 + 87 = 52*s. Let r(h) = -6*h - 2. Give r(s).
-8
Let d(g) = -g**2 + g - 5. Let y(l) = -2*l**2 + 2*l - 11. Let c(b) = -7*d(b) + 3*y(b). Let f = 80 + -78. What is c(f)?
4
Let n(a) = -31 - a**2 + 2*a - 50 + 115 - 27. What is n(5)?
-8
Let j(d) = -d**2 - 7*d - 5. Suppose i + 0 = 4. Suppose 3*w - i*w - 11 = 2*k, 3*k + 13 = -5*w. Give j(k).
1
Let l(s) = 11*s - 1. Let i(f) = 7*f - 2. Let a(p) = -3*i(p) + 2*l(p). Calculate a(6).
10
Let a(p) be the second derivative of 9/2*p**2 + 0 + 1/2*p**4 + 24*p + 1/20*p**5 - p**3. Give a(-7).
2
Let t(q) = 2*q**2 + 20*q - 25. Let o be t(-11). Let g(z) be the third derivative of -z**6/120 - z**5/15 - z**4/24 + 5*z**2 + 7*z. What is g(o)?
-6
Let n(m) = -1 + 0 - m**2 + 7*m - 4. Let o(b) = 5*b**2 + 114*b + 93. Let h be o(-22). Give n(h).
5
Suppose 2*m = k - 5 + 8, -m = -2*k - 3. Let v(y) = y**3 + y**2 - 1. Give v(k).
-1
Let n(t) = 3 - 31*t**3 - 7*t**2 + 3*t**3 + 3 + 27*t**3. Calculate n(-7).
6
Let k(b) be the third derivative of -b**6/720 - b**5/24 - 7*b**4/24 - 11*b**2. Let i(s) be the second derivative of k(s). Determine i(-5).
0
Let r(v) = v**2 - 5*v. Let w be (-6)/(2 - 0)*(-98)/21. Let z be (-42)/12*(-16)/w. Calculate r(z).
-4
Let o(g) = g - 1. Let r(x) be the first derivative of 5*x**2/2 - 3*x + 1. Let f(y) = 4*o(y) - r(y). Let b be 8 - 592/72 - 29/(-9). Give f(b).
-4
Let i(l) = -l**3 + 5*l**2 + 7*l - 5. Let q be i(6). Let o be (q + 0)/((-22)/88). Let x(n) be the first derivative of n**2/2 + 3. Determine x(o).
-4
Let v(r) be the first derivative of r**6/45 + r**4/24 + r**3 - 1. Let u(p) be the third derivative of v(p). Let c be 1/(-2)*-1*(3 + -5). Determine u(c).
9
Let t(w) = w**3 - 3*w**2 - 3*w + 2. Let f = -254 + 257. Calculate t(f).
-7
Let f = 173/354 + 2/177. Let g(q) be the first derivative of -3 + 4*q + f*q**2. What is g(-3)?
1
Suppose -4*m - 9 = -41. Let r(c) = -29*c - 29. Let f(j) = 3*j + 2. Let q(i) = 10*f(i) + r(i). Give q(m).
-1
Let o(x) be the first derivative of 0*x - 5/24*x**4 + 1/6*x**3 - 1/2*x**2 + 2 + 1/60*x**5. Let i(q) be the second derivative of o(q). Calculate i(2).
-5
Let g(i) = -14*i - 5. Let x(c) = 5*c + 2. Suppose 0 - 9 = 3*p. Let b(n) = n**3 + 7*n**2 - 6*n + 8. Let r be b(-8). Let z(t) = p*g(t) + r*x(t). Give z(-3).
-7
Suppose -z = -3*z + c + 6, c = -5*z + 15. Let u(l) = -l**3 + 4*l**2 - 5*l + 2. Determine u(z).
-4
Let p(f) = 74*f - 594. Let c be p(8). Let u(k) = -5*k - 4. Give u(c).
6
Let k(w) be the first derivative of w**3/3 - 5*w**2/2 - 6*w - 228. Calculate k(5).
-6
Let c = -27 - -27. Suppose c = -v + 6*v + 45. Let p(m) = 2*m**3 + 18*m**2 + 1. Let s be p(v). Let h(l) = -16*l**3 + l**2 - l + 1. What is h(s)?
-15
Let k(y) = 2*y**2 - 2. Let f(o) = -o**2 + 4*o - 1. Let i be f(3). Let z be k(i). Let v(s) = s**2 - 6*s. Give v(z).
0
Let h(a) = 13*a + 3. Suppose 2*u = 4, 14*u - 6 = -2*z + 9*u. What is h(z)?
-23
Let n(m) = -4*m + 2. Let b be 5/2*(-8)/(-10). Let w be b + -3 + (-4)/(-1). What is n(w)?
-10
Let w(b) = -3*b + 15. Suppose 106*a - 92*a = 98. What is w(a)?
-6
Let d(s) = -s**3 - 2*s**2 + s + 4. Suppose -20*i = -13*i - 9*i. Determine d(i).
4
Let b(n) = -n**3 - 4*n**2 + 2. Let m be b(-4). Let i(q) = 2*q**2 - 4*q + 2. Give i(m).
2
Let w(g) = -g**2 - g. Let j = 410 + -406. Determine w(j).
-20
Let x(n) = -6*n + 8. Let q(i) be the third derivative of -i**4/8 + 2*i**3/3 - 6*i**2. Let w(k) = -5*q(k) + 3*x(k). Determine w(-3).
13
Let u(i) = 9*i - 5 + 5 + 6 + i**2 + 6 + 0*i**2. Give u(-5).
-8
Let j(l) be the third derivative of -l**6/120 + l**5/10 - l**4/8 + 2*l**3/3 + 383*l**2. Give j(3).
22
Let x(l) be the first derivative of -1/3*l**3 - 24 - 1/2*l**2 + 2*l. What is x(0)?
2
Let q(n) = -7*n. Let p(z) = 2*z**2 - 4*z - 6. Let v be p(7). Let u = v + -128. Let y be (16/u)/((-1)/4). Determine q(y).
-7
Suppose x - 1 = 2*r, 4*x + 4 = -5*r - 18. Let t(o) = o**3 + 2*o**2 - 6*o - 9. Give t(x).
0
Let h(c) = c. Suppose 6 = -3*v - 3*g, 4*v + 0*g + 14 = 2*g. Let z(x) = x + 2. Let y(l) = v*h(l) + 2*z(l). What is y(9)?
-5
Let j(p) = -10*p**2 + 4*p - 4. Let b(i) = 6*i**2 + 5 + 4*i**2 + 5*i**2 - 5*i - 4*i**2. Let v(c) = -4*b(c) - 5*j(c). What is v(1)?
6
Let c(q) = q**2 - 116*q - 353. Let s be c(-3). Let r(b) = -b**2 - 6. Determine r(s).
-22
Let w(o) be the second derivative of 7*o**5/20 - o**3/6 + 5*o - 41. Determine w(-1).
-6
Let b(p) = p. Let a(q) = -q**3 - 6*q**2 + 6*q - 3. Let k(f) = a(f) - 5*b(f). Calculate k(-6).
-9
Let k(r) = r**2 + 4*r - 7. Let n(i) = -2*i**3 + i**2 + 7*i - 8. Let s be n(2). Give k(s).
5
Let g(n) be the first derivative of n**3/3 + n**2 - 8*n + 55. Calculate g(-7).
27
Let o(p) = -p**3 + 6*p**2 - 2*p. Suppose 5*s + 2*c - 21 = 0, 12 = s + 2*s + c. Determine o(s).
21
Let n(x) = 6 - 4*x - 7*x + 10*x. Determine n(9).
-3
Suppose 4*y + 5*n + 38 = 0, 5*n = -3*y + 4 - 35. Let q(x) = 2*x - 3. Calculate q(y).
-17
Let v(n) = n**3 + 10*n**2 - 9*n - 4. Let m be v(-11). Let p = m + 29. Let j(g) = -3*g + 2*g - p*g. Determine j(-4).
16
Suppose c + 18 = -5*p - 4, -p = 3*c - 4. Suppose 0 = -2*m + 3*y + 9, -c*y = 2*m - 0*y + 9. Let k(z) = m*z + 8*z - z - 1 + z. Calculate k(1).
7
Let x be 4/(-10) - 99/165. Let a(o) = o**2 + 3*o + 3. Determine a(x).
1
Let u(v) = -36*v - 5 - 29*v + 99*v - 33*v. Let t(q) = -3*q + 3*q**2 + 6*q - 2*q**2. Let a be t(-4). What is u(a)?
-1
Let w(z) = -z**2 + 3*z + 8. Let t be (10 + -6)/((-4)/(-5)). Give w(t).
-2
Let v(z) = -2*z - 22. Let n be ((-4)/5)/((-2)/45). Let f = 9 - n. Let c be v(f). Let j(x) = -x. Give j(c).
4
Suppose -2*a + 0 = -10. Suppose -a*p - 6 = -1. Let m(y) = -y**2 + 4*y. Let k(z) = -z. Let l(j) = p*m(j) + 2*k(j). What is l(6)?
0
Let i(r) be the third derivative of r**5/60 - r**4/4 + r**3/6 - 511*r**2. What is i(10)?
41
Let m(h) be the second derivative of -h**5/20 + 5*h**4/12 - 2*h**3/3 + 5*h**2/2 + 3*h. Suppose 2*t = 3*t + 2. Let i = t + 6. Calculate m(i).
5
Suppose 6 = 6*a - 18. Suppose -5*i + a + 6 = 0. Let x(r) = -2*r + 2. Determine x(i).
-2
Suppose -2033 = -5*s + 107. Let z(c) = -c**2 + 418 - c + s - 838. Give z(0).
8
Let b(z) be the second derivative of 0*z**2 + 1/12*z**4 + 2/3*z**3 + 0 + 6*z. Let s be b(-5). Let w(f) = 2*f - 7. Give w(s).
3
Suppose 0*t - 5*t = 5. Suppose j + 4*j - m = 10, -j + 2 = -5*m. Let r(u) = 0*u**j + u + 3*u**2 - u**2. Calculate r(t).
1
Let r(v) = -v**3 - v**2 - 4*v - 4. Let a(l) = l. Let x(d) = 5*a(d) + r(d). Let m be (-42)/(-28) - (-6)/(-4). Calculate x(m).
-4
Let q(x) = -x**3 + 5*x**2 + 8. Let c(f) = 4*f**3. Let d be c(1). Calculate q(d).
24
Let c(x) = 3*x**3 + 22*x**2 - 2*x + 8. Let q(u) = -u**3 - 7*u**2 + u - 2. Let s(y) = 2*c(y) + 7*q(y). Calculate s(-4).
-26
Let b(a) be the first derivative of -a**4/4 + a**3 + a**2 + 1. Suppose 5*y + 64